{"id":4171,"date":"2016-08-30T09:42:48","date_gmt":"2016-08-30T09:42:48","guid":{"rendered":"http:\/\/www.jewishecoseminars.com\/spanish\/?page_id=4171"},"modified":"2020-09-04T16:22:56","modified_gmt":"2020-09-04T16:22:56","slug":"equipo","status":"publish","type":"page","link":"https:\/\/www.jewishecoseminars.com\/spanish\/equipo\/","title":{"rendered":"Equipo"},"content":{"rendered":"<p style=\"text-align: justify;\"><strong>Rabino Yonatan Neril \u2013 Fundador y Director Ejecutivo <\/strong><br \/>\nYonatan Neril recibi\u00f3 su ordinaci\u00f3n rab\u00ednica de la Yeshivat Hamivtar en Israel y una Maestr\u00eda (MA) y un pregrado (BA) de la Universidad de Stanford donde se enfoco en asuntos ambientales globales. El habl\u00f3 sobre la religi\u00f3n y el ambiente en la conferencia interreligiosa en Atenas organizada por el Eco-F\u00f3rum Interreligioso en Israel. Neril es el autor principal y editor general de Eitz Chaim Hee, una publicaci\u00f3n de ense\u00f1anzas semanales sobre \u00e9tica ambiental Jud\u00eda. Neril vive con su esposa Shana, y dos hijos en Jerusal\u00e9m.<\/p>\n","protected":false},"excerpt":{"rendered":"<p>Rabino Yonatan Neril \u2013 Fundador y Director Ejecutivo Yonatan Neril recibi\u00f3 su ordinaci\u00f3n rab\u00ednica de la Yeshivat Hamivtar en Israel y una Maestr\u00eda (MA) y un pregrado (BA) de la Universidad de Stanford donde se enfoco en asuntos ambientales globales&#8230;.<\/p>\n","protected":false},"author":5,"featured_media":0,"parent":0,"menu_order":0,"comment_status":"closed","ping_status":"closed","template":"templates\/fullwidth.php","meta":{"ngg_post_thumbnail":0,"footnotes":""},"class_list":["post-4171","page","type-page","status-publish","hentry"],"aioseo_notices":[],"_links":{"self":[{"href":"https:\/\/www.jewishecoseminars.com\/spanish\/wp-json\/wp\/v2\/pages\/4171","targetHints":{"allow":["GET"]}}],"collection":[{"href":"https:\/\/www.jewishecoseminars.com\/spanish\/wp-json\/wp\/v2\/pages"}],"about":[{"href":"https:\/\/www.jewishecoseminars.com\/spanish\/wp-json\/wp\/v2\/types\/page"}],"author":[{"embeddable":true,"href":"https:\/\/www.jewishecoseminars.com\/spanish\/wp-json\/wp\/v2\/users\/5"}],"replies":[{"embeddable":true,"href":"https:\/\/www.jewishecoseminars.com\/spanish\/wp-json\/wp\/v2\/comments?post=4171"}],"version-history":[{"count":2,"href":"https:\/\/www.jewishecoseminars.com\/spanish\/wp-json\/wp\/v2\/pages\/4171\/revisions"}],"predecessor-version":[{"id":4498,"href":"https:\/\/www.jewishecoseminars.com\/spanish\/wp-json\/wp\/v2\/pages\/4171\/revisions\/4498"}],"wp:attachment":[{"href":"https:\/\/www.jewishecoseminars.com\/spanish\/wp-json\/wp\/v2\/media?parent=4171"}],"curies":[{"name":"wp","href":"https:\/\/api.w.org\/{rel}","templated":true}]}}