{"id":4211,"date":"2016-08-30T10:27:35","date_gmt":"2016-08-30T10:27:35","guid":{"rendered":"http:\/\/www.jewishecoseminars.com\/spanish\/?page_id=4211"},"modified":"2018-03-03T16:56:25","modified_gmt":"2018-03-03T16:56:25","slug":"hacia-un-uso-de-energia-mas-racional","status":"publish","type":"page","link":"https:\/\/www.jewishecoseminars.com\/spanish\/hacia-un-uso-de-energia-mas-racional\/","title":{"rendered":"Hacia Un Uso de Energia Mas Racional"},"content":{"rendered":"<h1>Resumen<\/h1>\n<p>Uno de los retos de la sustentabilidad mas significante en nuestro tiempo es como producimos, usamos y nos relacionamos con la energ\u00eda.<\/p>\n<p>Las tecnolog\u00edas de hoy han aumentado en gran medida los niveles de vida material entre las sociedades humanas. Pero tambi\u00e9n han llevado a grandes cambios ambientales que est\u00e1n empezando a tener un impacto notable en todo el mundo, incluyendo el cambio clim\u00e1tico, el derrame de petroleo de BP, y la crisis nuclear en Jap\u00f3n.<\/p>\n<p>Las tradicionales ense\u00f1anzas jud\u00edas nos ense\u00f1an a usar la energ\u00eda de una manera inteligente. Podemos aprender de la tradici\u00f3n jud\u00eda sobre como usar la energ\u00eda responsablemente?<\/p>\n<h3>Aprende mas:<\/h3>\n<p>&nbsp;<\/p>\n<ul>\n<li><a href=\"http:\/\/www.jewishecoseminars.com\/spanish\/hacia-un-uso-de-la-energia-mas-racional\/\">Articulo corto<\/a><\/li>\n<li><a href=\"http:\/\/www.jewishecoseminars.com\/toward-a-wiser-use-of-energy-longer-article\">Articulo largo para un estudio mas profundo<\/a><\/li>\n<li><a href=\"http:\/\/www.jewishecoseminars.com\/wp-content\/uploads\/pdf\/EnergyJewcologySourceSheet.pdf\">Guia de estudio con fuentes en Hebreo-Ingles y preguntas (PDF)<\/a><\/li>\n<\/ul>\n<h3>Recursos adicionales<\/h3>\n<p>&nbsp;<\/p>\n<ul>\n<li><a href=\"http:\/\/canfeinesharim.podbean.com\/2012\/11\/26\/toward-a-wiser-use-of-energy\/\">Escucha! Audio Podcast on Energy<\/a><\/li>\n<li><a href=\"http:\/\/www.jewishecoseminars.com\/toward-a-wiser-use-of-energy\/#video\">Video! Hacia un uso de la energia mas racional<\/a><\/li>\n<\/ul>\n<div><a name=\"video\"><\/a><iframe src=\"http:\/\/www.youtube.com\/embed\/QdR9c8_Tp0Y\" width=\"560\" height=\"315\" frameborder=\"0\"><\/iframe><\/div>\n<div>\n<h3>Energ\u00eda Espiritual y Energ\u00eda renovable<\/h3>\n<p><iframe src=\"http:\/\/www.youtube.com\/embed\/ftZSIKrZHn0\" width=\"420\" height=\"315\" frameborder=\"0\"><\/iframe><\/p>\n<\/div>\n<div>\n<h3>Raices Espirituales de la Crisis Ambiental<\/h3>\n<p><iframe src=\"http:\/\/www.youtube.com\/embed\/8Miw7bpmEN4\" width=\"420\" height=\"315\" frameborder=\"0\"><\/iframe><\/p>\n<\/div>\n","protected":false},"excerpt":{"rendered":"<p>Resumen Uno de los retos de la sustentabilidad mas significante en nuestro tiempo es como producimos, usamos y nos relacionamos con la energ\u00eda. Las tecnolog\u00edas de hoy han aumentado en gran medida los niveles de vida material entre las sociedades&#8230;<\/p>\n","protected":false},"author":5,"featured_media":0,"parent":0,"menu_order":0,"comment_status":"closed","ping_status":"closed","template":"templates\/fullwidth.php","meta":{"ngg_post_thumbnail":0,"footnotes":""},"class_list":["post-4211","page","type-page","status-publish","hentry"],"aioseo_notices":[],"_links":{"self":[{"href":"https:\/\/www.jewishecoseminars.com\/spanish\/wp-json\/wp\/v2\/pages\/4211","targetHints":{"allow":["GET"]}}],"collection":[{"href":"https:\/\/www.jewishecoseminars.com\/spanish\/wp-json\/wp\/v2\/pages"}],"about":[{"href":"https:\/\/www.jewishecoseminars.com\/spanish\/wp-json\/wp\/v2\/types\/page"}],"author":[{"embeddable":true,"href":"https:\/\/www.jewishecoseminars.com\/spanish\/wp-json\/wp\/v2\/users\/5"}],"replies":[{"embeddable":true,"href":"https:\/\/www.jewishecoseminars.com\/spanish\/wp-json\/wp\/v2\/comments?post=4211"}],"version-history":[{"count":4,"href":"https:\/\/www.jewishecoseminars.com\/spanish\/wp-json\/wp\/v2\/pages\/4211\/revisions"}],"predecessor-version":[{"id":4379,"href":"https:\/\/www.jewishecoseminars.com\/spanish\/wp-json\/wp\/v2\/pages\/4211\/revisions\/4379"}],"wp:attachment":[{"href":"https:\/\/www.jewishecoseminars.com\/spanish\/wp-json\/wp\/v2\/media?parent=4211"}],"curies":[{"name":"wp","href":"https:\/\/api.w.org\/{rel}","templated":true}]}}